lculate the remainder when 634 is divided by 38.
26
What is the remainder when 87 is divided by 4?
3
Calculate the remainder when 148 is divided by 54.
40
Calculate the remainder when 107 is divided by 21.
2
What is the remainder when 638 is divided by 2?
0
What is the remainder when 1349 is divided by 338?
335
Calculate the remainder when 541 is divided by 34.
31
Calculate the remainder when 272 is divided by 119.
34
Calculate the remainder when 16 is divided by 11.
5
Calculate the remainder when 123 is divided by 4.
3
What is the remainder when 311 is divided by 94?
29
Calculate the remainder when 49 is divided by 20.
9
What is the remainder when 422 is divided by 6?
2
What is the remainder when 7302 is divided by 28?
22
What is the remainder when 1015 is divided by 31?
23
Calculate the remainder when 253 is divided by 16.
13
Calculate the remainder when 1404 is divided by 5.
4
Calculate the remainder when 159 is divided by 71.
17
Calculate the remainder when 107 is divided by 18.
17
What is the remainder when 186 is divided by 49?
39
Calculate the remainder when 544 is divided by 102.
34
What is the remainder when 791 is divided by 61?
59
What is the remainder when 1365 is divided by 12?
9
Calculate the remainder when 1876 is divided by 20.
16
What is the remainder when 61246 is divided by 23?
20
What is the remainder when 362 is divided by 61?
57
What is the remainder when 1142 is divided by 48?
38
Calculate the remainder when 320 is divided by 37.
24
What is the remainder when 1742 is divided by 19?
13
What is the remainder when 1385 is divided by 93?
83
Calculate the remainder when 252 is divided by 52.
44
Calculate the remainder when 251 is divided by 62.
3
Calculate the remainder when 3247 is divided by 1076.
19
Calculate the remainder when 2661 is divided by 111.
108
Calculate the remainder when 348 is divided by 77.
40
What is the remainder when 306 is divided by 61?
1
Calculate the remainder when 221 is divided by 28.
25
What is the remainder when 445 is divided by 193?
59
What is the remainder when 3334 is divided by 12?
10
What is the remainder when 597 is divided by 105?
72
Calculate the remainder when 457 is divided by 17.
15
What is the remainder when 327 is divided by 188?
139
Calculate the remainder when 107 is divided by 18.
17
Calculate the remainder when 457 is divided by 157.
143
What is the remainder when 563 is divided by 7?
3
What is the remainder when 1647 is divided by 4?
3
Calculate the remainder when 2297 is divided by 741.
74
What is the remainder when 142 is divided by 33?
10
What is the remainder when 61 is divided by 9?
7
What is the remainder when 32 is divided by 7?
4
What is the remainder when 358 is divided by 10?
8
Calculate the remainder when 102 is divided by 43.
16
Calculate the remainder when 198 is divided by 8.
6
Calculate the remainder when 22980 is divided by 68.
64
Calculate the remainder when 310 is divided by 108.
94
Calculate the remainder when 297 is divided by 145.
7
Calculate the remainder when 2229 is divided by 372.
369
Calculate the remainder when 19 is divided by 8.
3
What is the remainder when 13 is divided by 5?
3
What is the remainder when 279 is divided by 98?
83
What is the remainder when 1244 is divided by 125?
119
What is the remainder when 2922 is divided by 17?
15
Calculate the remainder when 149 is divided by 50.
49
What is the remainder when 311 is divided by 64?
55
What is the remainder when 3566 is divided by 255?
251
Calculate the remainder when 301 is divided by 46.
25
What is the remainder when 2473 is divided by 34?
25
Calculate the remainder when 179 is divided by 57.
8
Calculate the remainder when 16236 is divided by 10.
6
Calculate the remainder when 1919 is divided by 12.
11
Calculate the remainder when 482 is divided by 54.
50
What is the remainder when 388 is divided by 65?
63
Calculate the remainder when 4196 is divided by 84.
80
Calculate the remainder when 44 is divided by 18.
8
What is the remainder when 350 is divided by 82?
22
Calculate the remainder when 1636 is divided by 63.
61
Calculate the remainder when 335 is divided by 4.
3
What is the remainder when 654 is divided by 132?
126
Calculate the remainder when 357 is divided by 9.
6
What is the remainder when 375 is divided by 54?
51
Calculate the remainder when 4934 is divided by 127.
108
What is the remainder when 5414 is divided by 139?
132
Calculate the remainder when 176 is divided by 89.
87
Calculate the remainder when 156 is divided by 34.
20
Calculate the remainder when 341 is divided by 156.
29
Calculate the remainder when 266 is divided by 34.
28
What is the remainder when 35 is divided by 10?
5
Calculate the remainder when 215 is divided by 20.
15
Calculate the remainder when 821 is divided by 244.
89
What is the remainder when 236 is divided by 229?
7
Calculate the remainder when 59 is divided by 25.
9
What is the remainder when 349 is divided by 134?
81
What is the remainder when 4 is divided by 2?
0
What is the remainder when 843 is divided by 47?
44
Calculate the remainder when 118 is divided by 35.
13
Calculate the remainder when 240 is divided by 81.
78
What is the remainder when 11480 is divided by 89?
88
What is the remainder when 49 is divided by 40?
9
What is the remainder when 1260 is divided by 13?
12
What is the remainder when 38223 is divided by 11?
9
What is the remainder when 1117 is divided by 34?
29
What is the remainder when 752 is divided by 36?
32
Calculate the remainder when 5837 is divided by 59.
55
What is the remainder when 1517 is divided by 40?
37
Calculate the remainder when 690 is divided by 24.
18
What is the remainder when 6993 is divided by 6?
3
What is the remainder when 538 is divided by 27?
25
What is the remainder when 124 is divided by 64?
60
What is the remainder when 2983 is divided by 48?
7
Calculate the remainder when 135 is divided by 17.
16
What is the remainder when 204 is divided by 19?
14
What is the remainder when 3458 is divided by 23?
8
Calculate the remainder when 1488 is divided by 77.
25
Calculate the remainder when 166 is divided by 34.
30
Calculate the remainder when 234 is divided by 170.
64
Calculate the remainder when 148 is divided by 50.
48
What is the remainder when 684 is divided by 57?
0
What is the remainder when 680 is divided by 86?
78
Calculate the remainder when 229 is divided by 141.
88
Calculate the remainder when 560 is divided by 33.
32
Calculate the remainder when 69 is divided by 19.
12
What is the remainder when 397 is divided by 34?
23
Calculate the remainder when 1598 is divided by 230.
218
Calculate the remainder when 2221 is divided by 53.
48
Calculate the remainder when 128 is divided by 27.
20
What is the remainder when 601 is divided by 76?
69
What is the remainder when 45054 is divided by 32?
30
Calculate the remainder when 1008 is divided by 10.
8
What is the remainder when 17780 is divided by 34?
32
What is the remainder when 437 is divided by 30?
17
What is the remainder when 558 is divided by 161?
75
Calculate the remainder when 973 is divided by 256.
205
What is the remainder when 320 is divided by 7?
5
What is the remainder when 5882 is divided by 11?
8
Calculate the remainder when 2897 is divided by 52.
37
Calculate the remainder when 702 is divided by 56.
30
Calculate the remainder when 12642 is divided by 62.
56
Calculate the remainder when 103 is divided by 48.
7
Calculate the remainder when 6028 is divided by 15.
13
Calculate the remainder when 76 is divided by 28.
20
What is the remainder when 32 is divided by 31?
1
What is the remainder when 1557 is divided by 78?
75
Calculate the remainder when 85 is divided by 52.
33
What is the remainder when 2244 is divided by 65?
34
What is the remainder when 202 is divided by 195?
7
Calculate the remainder when 308 is divided by 25.
8
What is the remainder when 1346 is divided by 104?
98
Calculate the remainder when 492 is divided by 51.
33
Calculate the remainder when 1658 is divided by 51.
26
What is the remainder when 147 is divided by 25?
22
Calculate the remainder when 149 is divided by 14.
9
Calculate the remainder when 944 is divided by 86.
84
What is the remainder when 178 is divided by 81?
16
Calculate the remainder when 342 is divided by 39.
30
Cal